168)/(-5). Suppose 5*r - 11 = -3*s - 66, -2*s = 3*r + x. What is the units digit of z(r)?
3
Suppose 2*p = p + 5*w + 41, 5*w = 5*p - 205. What is the hundreds digit of (-27*p/(-3))/1?
3
Suppose -28*t + 14 = -26*t. Suppose 7*u - t - 1659 = 0. What is the hundreds digit of u?
2
Suppose -5*o + 5704 + 6443 = z, 7279 = 3*o - 4*z. Let x = -1403 + o. What is the tens digit of x?
2
Let v(x) = 34*x + 1159. Let h be v(-41). Suppose -3*a - y = 1065, 4*y - 1047 = 3*a - y. Let g = h - a. What is the tens digit of g?
1
What is the ten thousands digit of 169602*(24/(-30) - (-357)/315)?
5
Suppose 5*h + 0*h = 4*s + 29, -2*h + 7 = 3*s. What is the hundreds digit of (h - 9)/((-6)/357)?
2
Let a(g) = -g**2 + 8*g - 10. Let p be (((-8)/(-6))/(-2))/((-4)/18). Let f be a(p). Suppose -t + 452 = f*q, -358 = -4*q - t - t. What is the units digit of q?
1
Suppose -2*j - 95736 = -12*j - 12566. What is the hundreds digit of j?
3
Suppose 359436 = 20*s + 4*n, -6*s + 4*s = 3*n - 35954. What is the units digit of s?
1
What is the tens digit of 51852152/1376 - (-2)/(-8)?
8
Let r(l) = -l**2 - 17*l - 47. Let h be r(-12). Suppose 2*p = -2*k - 4, 5*k + 4*p + 1 + 4 = 0. Suppose 437 + h = k*x. What is the units digit of x?
0
Suppose 6*b = -1597 + 457. Suppose 70 = -y - 30. Let q = y - b. What is the tens digit of q?
9
Let s(a) = 297*a**2 + 82*a - 1278. What is the units digit of s(11)?
1
Let p(h) = -h**2 - 5*h - 8. Let s be p(-4). Let j be (-1 - s)*(-1 - 5)/(-6). Suppose -3*t - 2*t = 5*m - 295, 0 = -j*m + 5*t + 185. What is the units digit of m?
0
Suppose 19*l - 39 - 18 = 0. Suppose -5*p + 125 = -2*y, -l*p = -0*p + 5*y - 75. What is the units digit of p?
5
Let y(c) = -25*c**3 + c**2 - 2*c - 9. Let u(b) = -23*b**3 + b**2 - b - 9. Let m(g) = -7*u(g) + 6*y(g). What is the hundreds digit of m(4)?
6
Let y(h) = -h**2 + h + 3. Let d be y(0). Let u be (d/(-2))/((-3)/(-368)). Let p = u + 294. What is the hundreds digit of p?
1
Let h = 42 + -34. Suppose h*k - 12*k + 40 = 0. What is the units digit of (-149 - -26)*(1 + k/(-6))?
2
Suppose -7*n = 67 - 711. Let b = 97 - n. Suppose 0*j - 3*j + 55 = u, 2*u = -b*j + 115. What is the tens digit of u?
7
Let f(s) = 166*s**2 + 5*s - 5. Let a be f(2). Let c = a + -424. What is the hundreds digit of c?
2
Suppose -7*x = -24 - 368. Let y = x + 78. What is the tens digit of y?
3
What is the tens digit of -5 - -10 - 18 - -54693?
8
Let d(u) = 17*u + 123. Let v be d(-7). Suppose -v*l = -5*l - 5*s + 197, -3*l - 2*s + 604 = 0. What is the tens digit of l?
0
Suppose 232*f = 230*f. Let j(o) = -o**3 - 8*o**2 + 8*o + 2. Let n be j(-9). Suppose f = -18*r + n*r + 1575. What is the tens digit of r?
2
Suppose -4*s + 2*y = -28236, -7*y + 35298 = 5*s - 8*y. What is the units digit of s?
0
Let i(f) = 2*f**3 + f**2 - 2*f + 6. Let t be i(-4). Let y = -60 - t. What is the tens digit of (y/(-4) + 0)/((-28)/56)?
1
Let d(g) = 4*g**3 - 88*g**2 - 100*g - 243. What is the tens digit of d(33)?
7
Suppose -9*m + 533 - 515 = 0. Suppose -z = m*b - 937, 27*z - 2*b = 25*z + 1874. What is the tens digit of z?
3
Let v(q) = q**3 - 16*q**2 + q - 17. Let k be 0 - (-1 - -7)*8/(-3). Let c be v(k). Let p(w) = 21*w**2 + 4*w + 5. What is the units digit of p(c)?
2
Let l = 3609 + -3162. What is the hundreds digit of l?
4
Let h(l) = 76*l**2 + 5*l + 5. Let a be h(-1). Let o = 81 - a. Let x(n) = n**3 + n - 4. What is the tens digit of x(o)?
2
Let g = -16 - -20. Suppose g*i = 4*p + i - 6, -10 = -5*i. Suppose 0 = -5*q - 15, p*d - q - 33 = -2*d. What is the units digit of d?
6
Let j = -66105 + 106611. What is the hundreds digit of j?
5
Let n = -61 + 84. Suppose -4*k + n = -a, 0 = 4*a + 2*k + 34 + 58. Let w = a - -59. What is the units digit of w?
6
Let b = 201 - 259. Let p = b + 286. What is the units digit of p?
8
Let k be (-4)/1 + 18/2. Let r(d) = 8*d - 12. Let u be r(k). Let w = -4 + u. What is the units digit of w?
4
Suppose 2297*j - 4*q = 2300*j - 42836, 0 = -5*j - q + 71382. What is the thousands digit of j?
4
Suppose 15*f + 5*f - 174002 = 123238. What is the units digit of f?
2
Let r = -29868 + 55176. What is the thousands digit of r?
5
Let u be 171/36 - (-3)/12. Suppose u*h - 1889 - 2916 = 0. What is the hundreds digit of h?
9
Let o = 30 - 28. Suppose o*l + 394 = n + 4*l, 0 = -3*n + 4*l + 1192. What is the hundreds digit of n?
3
Let c(b) = 1217*b**2 - 26*b + 107. What is the units digit of c(-4)?
3
Suppose 17*l - s + 583 = 20*l, 2*l = 4*s + 398. What is the hundreds digit of (l + 8)/1 + -1?
2
Suppose 0 = -23*m + 21*m. Suppose -5*c - 5*l + 0*l = m, 4*c = 3*l. Suppose c = -3*t - 15, 3*t = -5*q - 0*t + 515. What is the tens digit of q?
0
Suppose -24 - 3 = -9*k. Suppose 4*i + k*m - 896 = 0, 4*i - 5*i = -m - 224. What is the units digit of i?
4
Let r(g) = 11*g + 171. Let f(m) = 59*m + 854. Let a(j) = -2*f(j) + 11*r(j). What is the units digit of a(15)?
8
Let f(x) = 4*x**3 - x**2 - 2*x + 3. Let l be f(1). Let o be (-6)/(-9)*(-2 + 86)*l. What is the tens digit of o/(-20)*(-15)/6?
2
Let x(u) be the first derivative of u**2/2 + 16*u + 13. Let k be x(5). What is the units digit of 1206/k + 8/14?
8
What is the tens digit of ((-8811)/534)/((-1)/5136*(-36)/(-16))?
6
Suppose 52*r = -5*l + 57*r + 79610, -4*l - 5*r + 63688 = 0. What is the hundreds digit of l?
9
Let y = -22 - -27. Suppose 402 + 8 = y*u. Let n = u - 35. What is the units digit of n?
7
Let x(p) be the third derivative of -4*p**4/3 - 7*p**3/3 + p**2. Suppose -5*z = -8*z - 4*a - 4, -4*z + 4*a - 24 = 0. What is the tens digit of x(z)?
1
Let f(p) = 11*p**2 + 25*p - 535. What is the thousands digit of f(24)?
6
Suppose 5*s = -5*q + 33670, 0 = s - 2*q - 475 - 6265. What is the thousands digit of s?
6
Suppose p + 5 = 3*k, k + 16 = p + 5*k. What is the tens digit of (6/p)/((-48)/(-6592))?
0
Suppose -13*c + 29*c = 38336. Suppose 0 = -4*f + c + 1044. What is the units digit of f?
0
Let v(x) be the second derivative of -25*x**5/2 + x**3/6 - 25*x. Let s be v(-1). Let o = -82 + s. What is the units digit of o?
7
Suppose -237*a = -256*a + 204611. What is the units digit of a?
9
Suppose -1505 = -5*j + 115. Suppose 5*g - 1416 = j. What is the tens digit of g?
4
Let x(b) = b**3 - 6*b**2 + 5*b - 20. Let h be x(6). Suppose -6*k + h*k - 204 = 0. Suppose -w - n + k = 0, -82 = 5*w - 3*n - 361. What is the tens digit of w?
5
Let w = -26 + 26. Suppose 4*b + 0*z - z - 25 = w, 3*b - 40 = 5*z. Suppose -3*f - h = -445, -b*h = -f + 47 + 96. What is the tens digit of f?
4
Let d = -10297 - -56803. What is the ten thousands digit of d?
4
Let b = -21196 + 30546. What is the hundreds digit of b?
3
Suppose -21 = -3*t + 2*t. Suppose 0 = -2*u - 4*j + 27 + t, -74 = -3*u - 5*j. Suppose -5*f + f = -u. What is the units digit of f?
7
Let o be (-11)/(-66) + (-4529)/(-6). Let g = o + -258. Suppose -5*j + 393 = -g. What is the hundreds digit of j?
1
Suppose -x + 5*f + 29 = 0, 4*x = -2*f + 31 - 25. Suppose 2*r = -2*h + 1222, 0 = -5*h + x*r + 1446 + 1654. What is the units digit of h?
6
Suppose -5*k - 52197 = -5*o - 8447, -2*k = 5*o - 43729. What is the tens digit of o?
4
Let w = 40491 + -17073. What is the hundreds digit of w?
4
Suppose -4*m + 3*i + 20399 = -840, 10679 = 2*m + 7*i. What is the units digit of m?
5
Let f(h) = 118*h**2 + 49*h + 15. What is the thousands digit of f(7)?
6
Suppose 3*f + t - 59 + 16 = 0, -t - 48 = -4*f. Suppose 2*v = 27 - f. Suppose -v = -3*d + 290. What is the tens digit of d?
9
Suppose 0 = -5*j + n + 21, -26 = -j + 3*n - 19. What is the units digit of (-3013)/(-2) - (-2)/j?
7
Let f(i) = -i**3 - i**2 + 8*i - 3. Let z be f(0). What is the tens digit of (-2)/z*684/8?
5
Let u be (-3)/15 - ((-2658)/15)/1. Suppose o - u = 185. What is the hundreds digit of o?
3
Let f be 3/24 - 6268/(-32). Suppose -f = -p - 6*p. What is the units digit of (-1176)/p*((-6)/4 + 0)?
3
Suppose 0 = 4*l - 5*m - 43297, 4*m = -4*l - 2265 + 45517. What is the hundreds digit of l?
8
What is the thousands digit of (-8273 - 4 - 10)*-2?
6
Suppose z = -k - 45, -k - 2*z = 17 + 24. Let o = k + 49. Suppose o = 5*t + 2*x - 161, 7 + 5 = 4*x. What is the units digit of t?
1
Let n = 30 + -24. Let z(m) = -m**3 + 6*m**2 - 3*m + 10. Let w be z(n). What is the units digit of 2/8 - 174/w?
2
Let m = -20 - -23. Let w be (-1 + 3 - m)*6. Let a(b) = -15*b + 21. What is the tens digit of a(w)?
1
Suppose 21*c + 16*c - 31*